+ 10 + -17 - -27).
98
Calculate -327 - -345 - (10 - -51).
-43
What is the value of 26 + 27 + -12 + -20 + -9?
12
What is (16 - -1) + 3331 + -3339?
9
What is -134 - -68 - (12 - (-26 - -37))?
-67
What is 49 - (-31 - -45) - 23?
12
What is (32 - (-85 - -44)) + -46?
27
Calculate -64 + 22 - 10 - -15.
-37
40 + -1 - (1179 + -1121)
-19
What is -34 - (-29 + -20 + 26) - 23?
-34
Calculate (-7 + -14 - (90 - 99)) + -13.
-25
Evaluate -25 + -2 + (54 - -85 - 119).
-7
Calculate 3 - 51 - (-9 - (-3 - 0 - 9 - 2)).
-53
What is the value of -8 + (0 - 0 - -10 - (-24 - (33 - 62)))?
-3
Evaluate (-49 - -2) + -406 + 431.
-22
Evaluate (-68 - -50) + (2 - -46) + 10.
40
What is the value of (-47 - (-151 - (-64 + 10))) + -4 + -4 + 2?
44
Evaluate 15 - (-76 - -102 - 107).
96
What is the value of 5542 - 5502 - (0 - (2 - 1) - (-4 - -4))?
41
What is the value of 10 + -2 + (136 - 137) + -101?
-94
Evaluate (36 - 2 - (417 - 405)) + -10 + (-2 - 19).
-9
What is the value of (-46 - 1) + (-1542 - -1619)?
30
What is the value of 31 + (140 - (14 + -22)) + -39?
140
56 - (184 + (83 - 161))
-50
What is 121 + -92 + (9 - -5 - 38)?
5
-17 - (-15 - 2) - (-272 + 153)
119
Calculate 0 - 33 - -75 - (1 + -2 + -7 + 7).
43
Evaluate (-10 + -4 - (-48 + 31)) + 38.
41
Evaluate 4 - (6 + -5 + 5) - 14 - (142 + -150).
-8
What is (-3 - (0 + -77 - -8)) + 8 + (13 - 7)?
80
What is 1 + (9 - 10 - -5) + (1 - -6) + -40?
-28
What is (-1 - 3) + (14 - 2) + -778 + 727?
-43
What is 127 + -76 + -22 + -18?
11
What is 21 + 28 + (2 - 60) + 45?
36
Evaluate -3 + 12 - (11 + 3 + 16 + -20 + -29).
28
What is -189 + ((89 - 41) + 4 - 16)?
-153
What is 68 + -190 + 30 + 63?
-29
What is the value of (-298 - -209) + 70 - (22 - 0)?
-41
Evaluate (22 - (-10 + -14)) + 0 + -7 + (-3 - -6).
42
6 + -31 - (-45 - -27) - (8 + 0 + 0)
-15
Evaluate 86 - (22 - -132) - -40.
-28
130 - ((15 - -12 - 13) + -9 + 16)
109
What is 42 - (-11 + (27 + -15 - (-1 - 8)))?
32
What is the value of -1 + 69 + 4212 + -4301?
-21
What is 18 - (23 - ((-12 - 3) + -11))?
-31
Calculate 0 - -19 - ((-7 - 0) + 23 - (21 + -2)).
22
What is the value of (-5 + 2 - 3) + (177 - 143)?
28
What is the value of -7 + (42 + -32 + -6 + -9 - 4)?
-16
(-46 - -48) + (5 - (2 + -4)) + -16
-7
What is 26 + -68 + 15 - (3 - (6 - 2))?
-26
Calculate -45 + 4 + -17 + 13 + -1 + -2.
-48
What is -8 + 4 + -6 - (1 + 9 + -12 + 9)?
-17
What is 35 - (-15 + -1 - (20 + 4 + -34)) - -10?
51
What is 41 + (-31 - (-3 + 57))?
-44
2 + -61 - ((-441 - -427) + (1 - -3 - -5))
-54
Calculate -3205 + 3261 - (54 + -1).
3
Calculate -41 - (965 - 983 - ((2 - 2) + -11)).
-34
What is -11 + -25 - 34 - 18 - -7?
-81
Evaluate (26 - 13) + -43 + 46.
16
(4 + -2 - (-5 - (3 + -1))) + (-70 - -42)
-19
Calculate 32 - (9 - ((-4 - 0) + -2 - (228 - 238))).
27
What is (32 - 16) + -33 + 9 + -40 + 18?
-30
What is the value of 59 - -37 - 18 - 61?
17
What is the value of (4 - -15) + -101 + 112 - 82?
-52
Evaluate 197 - (-30 - (-174 - -21)).
74
3 + -11 + (-1 + 12 - 8 - (46 + 3))
-54
What is (-14 - (4 + -3)) + 2 - (-57 + 51 + 9)?
-16
What is 1 + -6 + 0 - (15 + (-16 - -9) + 13)?
-26
What is the value of -41 + (-119 - -9) + 45?
-106
Calculate -702 + 718 + 40 + 3.
59
-4 + -12 + 34 + 26 + -39
5
What is 14 - (-22 + 58 + -2 - 20) - 121?
-121
What is -8 + (13 + 1 - (-32 - -37)) + 3?
4
What is -163 + 2 + (-7 - -112)?
-56
What is the value of 111 - 3 - (-1396 + 1434)?
70
What is the value of -56 - (-99 - -25 - -24)?
-6
What is -5 + (-1 - 10 - (-16 - 9)) + 13 + 14?
36
What is the value of 22 + (20 + (-47 - -52) - (157 + -2))?
-108
0 - (-7 + (22 - (21 - 10)) + 11)
-15
-98 + 109 + 67 + -136
-58
Calculate -3045 + 3013 + (1 - -80).
49
What is -17 + (17 - (-1 + 3 - (-200 - -122)))?
-80
Evaluate 33 - (147 + -120 - (10 - 22)).
-6
What is (-32 - -40 - -6) + -64 + 32?
-18
What is the value of -80 + (7 - (27 - (-9 + 4 + 9)) - -7)?
-89
What is the value of (4 - -1) + (-2 - (2 + 2) - (502 + -444))?
-59
What is the value of (1 - 71) + 2 - (796 - 809)?
-55
Calculate 2907 + -2885 - (12 + (2 - 3)).
11
What is the value of -16 - (-2 + 2 + (-34 - -14)) - (-1 + -22)?
27
Calculate -7 - -91 - ((-5 - -16) + 2 - 2 - 9).
82
What is -31 + (6 - -5) + 4 + 36?
20
What is the value of -3917 - -3939 - (1 + 58)?
-37
What is the value of (65 + -122 - -58) + -3?
-2
What is the value of (-43 - -15) + (-15 - -29)?
-14
Calculate (-36 - (-30 + 15)) + (200 - 75) - (-1 - 6).
111
Evaluate 1006 - 1109 - (-12 - 0) - -14.
-77
-13 + -43 + 53 + (-69 - 0) - -14
-58
Calculate 27 + (1 + (59 - 35) - (0 - -3)).
49
What is (4 - -103) + -2 + (-674 - -677) + -6?
102
Evaluate 0 - -87 - ((6 - 25) + 46 + -18).
78
Calculate (-114 - -14) + (-421 - -513).
-8
Evaluate -45 + -23 + -7 + (-18 - -53).
-40
Evaluate -7 + 62 + (19 - 2 - 0) + -32.
40
28 + -8 + -23 + -6 + (3 - 0) + -53
-59
Calculate 119 + -9 + 4 + -35 + 61 + -28.
112
What is the value of -6 + (1 - (-60 - -13))?
42
What is -4 - (-8 + -2 - 0 - -40)?
-34
Calculate -19 + 3 + 20 + (5 - -32 - 7).
34
1 - (34 + (4 - 1) + -7)
-29
Calculate (35 - (2 + (28 - 14))) + -15.
4
Evaluate (2 - (0 + -36)) + (-141 - -87) + 51.
35
Calculate (-86 - 24) + -9 + 50 + -20.
-89
Calculate (1 - -1) + (-427 - -462).
37
What is (-34 - 1) + (798 - 780)?
-17
What is 0 + (4 - 2) + (107 - 97) + 30?
42
What is the value of (-64 - -34) + (4 - -10)?
-16
What is the value of 0 + -14 + (-90 - -95) + (-1 - -20)?
10
Calculate -3 - (-20 + (53 + -15 - -13)).
-34
-105 - (-4 - -12 - (-2 - 4) - (174 + -176))
-121
Calculate 105 + -62 + -111 - 34.
-102
Calculate -10 + -27 - (-17 + 73).
-93
What is -8 + (21 - 14) - ((10 - 3) + -54)?
46
23 + (33 - (127 - (5 - -29)))
-37
Calculate (73 - 0) + (-21 - (-110 - -35) - 42).
85
(-15 + 29 - 6) + 1 - (11 + 54)
-56
What is -88 + -58 + 38 + -7 + 0?
-115
Calculate (17 - 6) + 42 + -52.
1
Calculate 35 + (22 + -27 - (1 - -1)) - 15 - -89.
102
What is (-35 + 72 - 108) + 27 + 111?
67
What is the value of -32 + 50 + (-95 - (6 - 6 - -6))?
-83
35 - (35 + (8 - (12 - -10))) - -29
43
What is the value of -60 + (-95 - -24 - -76)?
-55
What is (21 - (-4 + 16 + -10)) + -58?
-39
What is the value of (-6 - -2) + -2 - (-76 + -8 - -57 - -24)?
-3
Evaluate -86 - 2 - (-37 - -26 - -27 - (-11 - -21)).
-94
What is 2 + (-122 - (-25 + -68))?
-27
4 - -56 - (14 - (14 - 5 - -2))
57
What is (22 - (29 - 22)) + -11 - -39?
43
(-1 - -58) + (-4156 - -4077)
-22
-4 + (233 + -229 - (2 + -9) - (-2 - -19))
-10
Calculate (-8 - -4) + 2 + 1 + 3 - (-162 + 225).
-61
Evaluate (8 - 3) + 6 + -9 - (-31 - -10 - -4).
19
What is the value of -13 + (43 - 3 - (46 + -22 + -27))?
30
What is -9 + 31 - (45 - -41)?
-64
Calculate -14 + (2 - 0) - (32 + (-20 - (-21 - -96))).
51
Calculate 59 + -25 - (-7 + (9 - 12) + 5).
39
Calculate 0 - ((21 - 1) + -27) - -67.
74
What is the value of (2 - -30 - 3) + 8?
37
83 + (17 - (62 + -58)) + (-5 - (1 + 0))
90
Evaluate -14 - -2 - (58 + -18 + -69).
17
Calculate -21 - (-205 + 117 - (23 - 1)).
89
Calculate -21 + 16 + -8 + -12 + -23.
-48
67 - ((37 - 42 - (-2 + -12)) + -2)
60
What is the value of 0 - (-9 + 28 + -30 + (1 - -8) + 0)?
2
0 + (29 - (55 - 90))
64
What is the value of (14 - (4 + -14)) + -2 + (-6 - -9)?
25
What is (0 - (-6 + 0)) + -602 + 716 + 4 + 2?
126
Calculate (10 - (19 - 4)) + 81 + -1 + (-13 - -3).
65
What is the value of (-5819 - -5827) + 1 + (0 - 2 - 29)?
-22
Calculate (3 - -19) + 128 + -135 + 60.
75
Calculate (154 - ((0 - -3) + (-65 - (-65 + -13)))) + -16.
122
Evaluate 9 + ((0 - -1) + -20 - (30 - (40 + -7))).
-7
Evaluate 167 + -28 - (68 - -17).
54
What is the value of (46 - (-5 - -5)) + 2 + (-15 - -6)?
39
Calculate 100 + -24 + -19 - 53.
4
Evaluate -544 + 549 + (0 - -4) + -15.
-6
15 - (-9 - ((11 - 11) + -14))
10
-4 + (4 + (4 - -40) - 0) - (28 + -19)
35
Evaluate -4 - (22 - 31) - 16 - -51.
40
Evaluate 8 - ((11 - 10) + -2) - 51 - (-2 + 6).
-46
Evaluate (1 + -3 - 2) + (-64 - -64) + 5 - 8.
-7
Evaluate 82 + (-44 - (74 + -61)).
25
Evaluate (-7 + -8 + -70 - -13) + 97 + -83.
-58
What is (6 - 16) + 2 + 13 - -6?
11
Calculate -26 + -3 + 28 - (-17 - (-1 - 3)).
12
Calculate 97 + -66 + 19 - -19.
69
Evaluate 7 + -15 + (42 - (-5 - -2 - -4)) + 13.
46
Evaluate (-55 - (-13 + 30)) + (4 - -25).
-43
Evaluate 0 + (2 - 4) - (60 + (-61 - -10)) - 13.
-24
Calculate -14 - -16 - (410 - 351).
-57
What is (-9 - -4) + (1 - (-2 - -2)) + (1192 - 1209)?
-21
Calculate 35 + (-60 - -38 - -37).
50
What is the value of (26 + -8 - (7 + -1